 = 3100, -5*b = -c + 775. What is the greatest common factor of c and 155?
155
Let q = -56 + 91. Suppose 0 + q = 5*a. Suppose -8*w = -153 - 71. Calculate the highest common divisor of a and w.
7
Let h(n) = 52*n**2 + 2 - 1 - 7*n**2 + 4*n**2 + 2*n. Let c be h(-1). Calculate the greatest common divisor of c and 32.
16
Let h(s) = 85*s + 117. Let d be h(16). What is the greatest common factor of d and 7?
7
Suppose 0 = -26*x - 938 + 2342. Suppose -2*p - 3*p = -360. What is the highest common factor of p and x?
18
Suppose -5*r - 4*z + 15 = 0, r + z = -8 + 10. What is the highest common divisor of r and 119?
7
Let g = 19 + -16. Let r(b) = -8*b**2 - 6*b + 10*b**2 + g - b. Let d be r(5). Calculate the greatest common factor of d and 144.
18
Suppose -2 + 6 = -y, z = -2*y + 392. Let d(j) = -8*j + 224. Let q be d(23). What is the greatest common divisor of q and z?
40
Let t be (-1 - 85)*((-9)/1 - -8). What is the greatest common factor of 2 and t?
2
Let b be (-1236)/(0 + -4) + -10. What is the highest common factor of 161 and b?
23
Suppose -5 = w - 4. Let z = w + 33. What is the highest common factor of z and 32?
32
Let h = 17 - -3. Let i = 5 - 1. Suppose -i*m - m + 170 = 3*a, 3*m = 12. Calculate the highest common factor of h and a.
10
Let w(d) = -30*d - 1. Let j be w(-1). Let i = 3 + j. Calculate the highest common divisor of 96 and i.
32
Suppose 4*o - t = -160, 0*o + 5*t = 5*o + 215. Let j be 247/o + (-2)/(-6). Let m be ((-3)/9 + -1)*j. Calculate the highest common divisor of m and 8.
8
Suppose -j - 3*r = -98 - 9, -2*r = 4*j - 438. Suppose 0 = -q - 2, -j = -4*n + 2*q + 74. Calculate the highest common factor of 30 and n.
15
Let k(y) = -y - 4. Let p be k(17). Let v = 30 + p. Calculate the highest common divisor of 6 and v.
3
Let y = 597 - -2715. What is the greatest common divisor of y and 144?
144
Suppose -2*a - 28 = 4*x, -5*x - 16 = -2*x + 4*a. Let f(q) = q**3 + 8*q**2 - 9*q + 16. Let u be f(x). Calculate the highest common factor of u and 11.
11
Let b be -7 + (18 - -3) + 10. What is the highest common divisor of 200 and b?
8
Let u = -225 - -446. Let f(t) = 3*t + 35. Let p be f(-6). What is the greatest common divisor of u and p?
17
Let v be (-222)/(-2)*(-8)/(-12). Suppose 18 + 6 = b - y, v = 3*b - y. Calculate the highest common divisor of b and 5.
5
Let k(u) = u**3 + 3*u**2 + 3*u + 7. Let c be k(-2). Calculate the greatest common divisor of c and 25.
5
Let l be (2/6)/((-3)/(-36)). Let q = -22 + 66. What is the highest common divisor of l and q?
4
Suppose -5*z - 13 = -3*x, -z = x - 2*x + 3. Let a be x*-3 + (-30)/15. Let f(t) = -4*t - 11. Let p be f(a). Calculate the highest common factor of 18 and p.
9
Suppose 9*i - 411 = -1230. Let d = i - -109. Suppose -j - 2*j = -27. Calculate the greatest common factor of d and j.
9
Suppose -2*u + 81 - 11 = 0. Let k be (-58)/(-4) + 7/(-14). Suppose -k = -5*w + 4*w. Calculate the greatest common divisor of u and w.
7
Let t = 3241 - 1837. What is the highest common divisor of 104 and t?
52
Let v be (-4)/30 + 0 + 2562/315. Calculate the greatest common factor of v and 72.
8
Suppose 2*y = 3*u - 292, 2*u + 11*y = 9*y + 208. What is the greatest common divisor of 50 and u?
50
Suppose 2*g - 4*n = -g + 47, g = -n + 11. Calculate the highest common factor of 1 and g.
1
Suppose -10584 = -734*d + 707*d. Calculate the highest common factor of d and 8.
8
Suppose -167*l + 161*l + 24 = 0. Let p = 2 + -1. What is the greatest common divisor of l and p?
1
Let t = 469 - 393. What is the greatest common divisor of 266 and t?
38
Suppose -4*h = -4*u + 76, -3*h - 5*u + 55 = -6*h. Let c = 24 + h. Calculate the greatest common divisor of c and 8.
4
Suppose 8*l + 98 = 4*g + 6*l, -4*g + 80 = 4*l. Let n be 2/(-9) - 3316/(-18). What is the highest common divisor of g and n?
23
Let y = -447 + 491. What is the highest common factor of y and 253?
11
Suppose -3*z - 4371 = -50*z. Calculate the highest common factor of z and 3813.
93
Let x be 106/2 + (5 - 3). Calculate the greatest common divisor of x and 11.
11
Suppose 0 = 2*x - 0*x + 3*g - 41, 3*x + g - 72 = 0. Suppose 0 = 4*p + x - 69. Calculate the greatest common divisor of 99 and p.
11
Suppose 0 = -27*l + 10771 + 7751. Calculate the highest common factor of 14 and l.
14
Let n = -9 - -16. Suppose n*g = 177 + 5. Suppose 0 = 2*i + 5*p - g, 4*i - 4*p = i + 16. What is the highest common factor of i and 72?
8
Suppose 24*x - 11*x - 22152 = 0. What is the greatest common factor of 24 and x?
24
Suppose -3*s + 5*o = 4 - 24, 2*s + 4*o - 6 = 0. Calculate the highest common divisor of 115 and s.
5
Let k = 699 - 616. Calculate the highest common factor of 747 and k.
83
Let t(h) = 3*h**2 + 4*h + 32. Let n be t(6). What is the greatest common factor of n and 8?
4
Let d(m) be the first derivative of 26*m**3/3 + m**2/2 - 3*m - 16. Let f be d(-2). Calculate the highest common factor of f and 9.
9
Suppose -5 + 0 = 5*d, 0 = 4*c + d - 827. Calculate the greatest common factor of 23 and c.
23
Let o be 90*1/2 - 5. Calculate the greatest common factor of o and 280.
40
Suppose 13 = 2*k - 117*p + 114*p, 0 = -5*k - p + 7. Calculate the highest common factor of k and 62.
2
Let c be (-8 + (24 - -2))/((-3)/(-2)). What is the greatest common divisor of c and 384?
12
Let n be ((-11)/(110/(-56)))/(2/40). Let r be ((-4)/(-3))/(6/63). What is the highest common factor of n and r?
14
Let l = 13 - 35. Let r be l/(3 - (2 + 3)). What is the highest common factor of 121 and r?
11
Suppose 4*t = -3*g + 102, -2*t + 0*t + 46 = 4*g. What is the highest common factor of t and 3?
3
Let f(p) = 4*p**2 - p - 1. Let x be f(3). Let r = -40954 - -40962. Calculate the greatest common divisor of x and r.
8
Let r(j) = 18*j + 15. Let p be r(-6). Let s = 157 + p. Calculate the highest common factor of 8 and s.
8
Let w(m) be the third derivative of 3*m**2 + 3/10*m**5 + 0*m + 0 + 1/6*m**3 - 1/12*m**4. Let x be w(1). Calculate the highest common divisor of 153 and x.
17
Let g = 14 - 9. Suppose 4*m = 241 - 49. Suppose -m = -g*p + 2*o, 2*o = -3*p - o + 33. What is the greatest common factor of 80 and p?
10
Let r(u) = -2*u - 3*u - 2*u + 0*u + 8 + 7*u**2 + u**3. Let q be r(-8). Suppose -2*a - 8 + 30 = q. Calculate the greatest common factor of 11 and a.
11
Let h(n) = 102*n**3 + 2*n**2 - 4*n + 3. Let m be h(2). Suppose -8*x + m = -x. Calculate the greatest common factor of x and 78.
39
Suppose 2*u = -0*m - 4*m + 150, m + 2*u - 42 = 0. What is the greatest common factor of m and 72?
36
Suppose -2*x + x = 16. Let u = -12 - x. Calculate the greatest common divisor of u and 4.
4
Suppose 89 = -b + 8. Let u = -29 - b. Suppose -o + 5 + 2 = -a, u = 4*o + 4*a. What is the highest common divisor of 25 and o?
5
Suppose -s = -89 - 7. Let f be s/15 + (-6)/15. Suppose f*k - 595 = 197. What is the highest common factor of k and 33?
33
Suppose 7*s - 750 = 377. Calculate the greatest common divisor of 7 and s.
7
Let b(l) = 2*l**3 + 34*l**2 + 50*l - 5. Let a be b(-13). Calculate the greatest common divisor of 41 and a.
41
Let p(u) = 17*u**2 - 2. Let i be p(-4). Calculate the highest common divisor of 30 and i.
30
Let z(n) = -n**3 + n**2 - n + 10. Let q be z(0). Suppose 140 = y + y. What is the greatest common divisor of y and q?
10
Suppose -4*v = 5*p - 293, 3*v - 4*p + 20 - 232 = 0. What is the highest common factor of v and 234?
18
Suppose 2*f - 4 = -0. Suppose 135 = f*v - 3*w, 305 = -0*v + 5*v - w. Suppose -3*y = 20 - 92. What is the greatest common divisor of y and v?
12
Suppose -3*x = -s - 273, 469 = 5*x + 18*s - 15*s. Calculate the greatest common divisor of 1 and x.
1
Let m(u) = 2*u**3 - 29*u**2 - 13*u - 11. Let d be m(15). What is the greatest common factor of d and 209?
19
Let x be 30 + (-8)/8 + -2. Calculate the greatest common divisor of x and 999.
27
Let b(l) = -28*l**3 - 2*l**2 + 3. Let h be b(3). Let g be h/2*(-8)/12. Suppose 37 - g = -5*n. What is the highest common factor of n and 66?
22
Suppose -d = 11*m - 6*m - 401, -238 = -3*m + 2*d. Let j = m + -60. What is the greatest common divisor of j and 10?
10
Suppose 9*n - 305 = -5*z + 4*n, -4*n = -5*z + 296. What is the highest common divisor of 60 and z?
60
Let s(p) = p**2 - 13*p - 26. Let h be s(17). Let x be 7/(-5) + 2/5. Let u(i) = -6*i. Let b be u(x). What is the greatest common factor of b and h?
6
Let